
-3
Suppose -3*u = 4*y + 1, 2*y + 3 + 2 = -3*u. Suppose -2*i - 16 = y. Let j(s) = s + 10. Give j(i).
1
Let a(r) = -2*r + 1. Let p = 16 - -3. Let z = p - 17. Determine a(z).
-3
Let s(r) = r**2 - 11*r + 3. Suppose -65*v + 216 = -41*v. Determine s(v).
-15
Let u(i) = i**3 - 8*i**2 - 22*i + 14. Let d be u(10). Let a(t) = 2*t**2 + 9*t + 5. Determine a(d).
23
Let b be (2*1)/(1 + 1). Suppose 0 = 5*g + b - 6. Let k(x) = -16*x. Let s(h) = h - 1. Let z(d) = -k(d) - s(d). Give z(g).
16
Suppose -c + 48 = -5*c. Let x = -7 - c. Suppose 2*z = x*z + 6. Let i(b) = -b**2 - 3*b + 1. Calculate i(z).
3
Let p(t) = -t**3 - 5*t**2 + 2*t + 3. Suppose -11 = -r + 4. Let d be 6/r + (-1)/(20/108). Determine p(d).
-7
Let p(a) be the first derivative of a**4/4 - 17*a**3/3 + 13*a**2/2 + 44*a - 378. Give p(16).
-4
Let u(h) = -h**3 - 8*h**2 + 6*h - 1. Suppose -27*m + 25*m - 18 = 0. Determine u(m).
26
Let a(y) = -y**2 + 9*y - 11. Let c be a(6). Suppose z = 5*m + c, -4*m = -3*z - 0 - 1. Let l(t) = -4*t - 2. Determine l(m).
6
Let d(s) be the second derivative of -s**3/3 - 4*s**2 - 4*s. Let l(w) = -3*w**3 - 26*w**2 - 14*w + 9. Let r be l(-8). What is d(r)?
6
Suppose t = -1, 2*t = -5*w - 4 - 18. Let x(c) = -2*c - 10. Give x(w).
-2
Let w(i) = 8*i + 22. Let y(s) = s + 2. Let u(n) = -3*w(n) + 21*y(n). Give u(-10).
6
Let q(o) be the third derivative of -12*o**2 + 3/20*o**5 + 0 - 5/6*o**3 - 7/24*o**4 + 0*o - 1/120*o**6. Determine q(8).
3
Suppose 3*v - 5*l = -5, -25*l = -28*l + 12. Let q(j) = j**3 - 6*j**2 + 8*j - 8. What is q(v)?
7
Let t(q) = q**2 + 7. Suppose 3*i + 2*i = 0. Let h be t(i). Let r(m) = -9 - 2*m - 3 + h. Calculate r(-6).
7
Let f(g) = -g - 2. Let v = 13 + -1. Suppose -2 + v = 2*p. Suppose q = 5*i + 40, -9*q = -5*i - p*q - 55. Give f(i).
5
Let r(u) = -4*u + 15. Let c(y) = -2*y + 8. Let k(n) = -9*c(n) + 4*r(n). What is k(-6)?
-24
Let a(g) be the first derivative of g**2/2 + 2*g - 27. Give a(2).
4
Let x(p) = -p**3 - 5*p**2 + 10*p + 12. Suppose -4*v + 8*v = 4*a - 40, -2*v = 3*a. Calculate x(v).
-12
Let v(s) be the first derivative of -s**3 - 2. Let j(l) = -4*l - 8. Let g be j(-1). Let p be ((-2)/g)/((-3)/6). Give v(p).
-3
Let t(i) = 34 - 2*i + 2*i + 2*i + 9. Give t(-21).
1
Suppose 0 = -96*q + 88*q + 16. Let g(l) = -6*l**2 + 1. What is g(q)?
-23
Let r(o) = -1 - 4*o + 8 - 2*o - 5*o + 10*o**2 + 13 - o**3. Give r(9).
2
Let u(n) = n**2 + 3*n - 1. Let s = -1 - -7. Suppose 2 = -2*t + s. Suppose 0 = -2*z - 3*c + t*c - 14, 0 = z - c + 1. Determine u(z).
9
Suppose 3*t - 3*a = -a + 2, -3*a + 6 = 0. Let y(p) = -p**t + 1 - 1 + 5*p - 2. Suppose -113*k - 60 = -123*k. Determine y(k).
-8
Let u(b) = 1. Let y(w) = 4*w + 7. Let d(l) = -2*u(l) + y(l). Determine d(-3).
-7
Suppose 2*r - 34 = -28. Suppose -7*i = r*f - 3*i + 2, 4*f + i = -7. Let z(m) = m**3 + m**2 + 4*m + 3. What is z(f)?
-9
Suppose -2*u - 4*h + 1 = 9, -3*h - 11 = -u. Let g(t) = 5*t**2 - 8 - 2*t**2 + 7*t**2 - 7*t - 9*t**u. Determine g(8).
0
Let g(d) = d**3 - 7*d**2 - 6*d - 6. Suppose -32*y = -27*y - 190. Suppose -2*b + b = 2, -3*b = -4*w + y. Calculate g(w).
10
Let f(c) be the third derivative of -c**6/120 + c**5/6 - c**4/8 + 4*c**3 - 491*c**2. Give f(10).
-6
Let o(l) = -l**2 + 4*l + 32. Let z be o(8). Let t(x) = x**2 + 17. Determine t(z).
17
Let q be -4*(-2)/(-16)*14. Let v(i) = i**3 + 7*i**2 - 3*i - 8. Determine v(q).
13
Let f(t) be the third derivative of 17*t**6/120 - t**3/6 - 3*t**2 + 16. Calculate f(1).
16
Let m = 72 - 42. Let n = m - 46. Let o = n - -22. Let v(w) = -w**2 + 5*w + 8. Give v(o).
2
Suppose -j - 2*j + 84 = 0. Let k(z) = -z**2 - 22 + 0*z**2 - 7*z + j. Calculate k(-7).
6
Let x = -11 + 17. Let h be -1*(1 + -3 - -6). Let z(v) = 2*v - 5. Let q(j) = -2*j + 5. Let a(r) = h*z(r) - 5*q(r). Determine a(x).
7
Let c = 631 + -626. Let x(z) = -9*z - 5. Determine x(c).
-50
Let l(r) = 6*r**2 + 0*r**2 - 63 + 49 - 8*r**2 + 14*r. Determine l(6).
-2
Let c be (2/6)/(2/(-30)). Let p = 5 - 4. Let i(d) = 4*d - 6*d + 2 - 7 - p. Give i(c).
4
Let a(z) = -z**3 + 9*z**2 + 11*z - 2. Suppose -3*o + 3*y + 53 = -13, -2*y + 56 = 2*o. Let j = -15 + o. Give a(j).
8
Suppose 2*o - 40 = -3*o. Suppose o*z - 15 = 3*z. Let b(k) = -k + 74 - 41 - 24 + 2*k - 15. Determine b(z).
-3
Suppose q + 3*y - y + 11 = 0, -5*y + 13 = -2*q. Let m(o) = 4*o + 9. What is m(q)?
-27
Let y(d) = -d + 5. Let s(l) be the third derivative of -11*l**4/24 - 11*l**3/3 + 3*l**2 - 16*l. Let a be s(-2). Calculate y(a).
5
Let b = -1002 - -1002. Let l(x) be the first derivative of -3 - 8*x - 2*x**3 + b*x**2 - 1/4*x**4. Give l(-6).
-8
Let x(u) = -u**2 - 8*u - 9*u + 44*u - 15*u - 11. What is x(12)?
-11
Let d(v) = 2*v**2 - 2. Let l(s) = 14*s**2 + s - 8. Let g(m) = -4*d(m) + l(m). Calculate g(-1).
5
Let h(i) be the third derivative of i**6/360 + i**5/15 - i**4/2 + 4*i**2. Let n(r) be the second derivative of h(r). Give n(-6).
-4
Let h(i) be the third derivative of i**4/24 - 3*i**3/2 + 8*i**2. Determine h(0).
-9
Let i be (-3 + 4/1)*4. Let l(j) = 2*j - 8. Let u be l(i). Suppose 5*h = -0*a + 2*a - 36, u = -2*h + a - 15. Let z(v) = v + 12. Give z(h).
6
Let s = -11 + 13. Suppose 4*b = s*n + 2*b - 14, n = -b + 5. Let x = n - 6. Let d(l) = l - 5. What is d(x)?
-5
Let k(x) be the first derivative of -7 + 3*x**2 - 1/4*x**4 + 5/3*x**3 + 5*x. Determine k(6).
5
Let d(s) = -6*s**2 - 56*s - 79. Let z be d(-7). Let w(g) = g**3 - 18*g**2 - 18*g - 10. Calculate w(z).
9
Let t(p) = 7 + 1 + p - 10. Let l(u) = 2*u + 1. Let i be l(0). Calculate t(i).
-1
Let b(p) be the third derivative of -p**4/24 + 5*p**3/6 - 3*p**2 + 12. What is b(-9)?
14
Let d = 943 + -945. Let p(f) = 2*f + 5. Give p(d).
1
Let s(t) be the first derivative of 9/2*t**2 + 8/3*t**3 - 8 + 7*t + 1/4*t**4. Calculate s(-7).
-7
Let c(t) = -7*t**2 - t + 1. Let g be (-54)/(-10) - (-8)/(-20). Suppose -3*o - z = -36, 4*o - 54 = o + g*z. Let k = o + -12. What is c(k)?
-7
Let i(k) = 2*k**2 + 2*k - 1. Let z(b) = 9*b**2 + 10*b - 8. Let x(g) = -4*i(g) + z(g). Calculate x(4).
20
Let r = -64 - -45. Let n = 36 + r. Suppose 0 = -w - s + 3*s - 7, -5*w = 3*s - n. Let h(j) = 9*j**2 - 1. Give h(w).
8
Let x be 2/(2/(-12)*-2). Let f = x - 7. Let v(d) = 3*d**3 - 1. Give v(f).
-4
Let y(l) = l - 1. Let j(k) = -3*k + 1. Let h(z) = j(z) + 4*y(z). Let o(q) = 23*q - 2. Let p be o(-2). Let u = 48 + p. What is h(u)?
-3
Let s(j) be the second derivative of -j**4/12 + 7*j**3/6 - 7*j**2/2 + 3*j. Let x be -2 + (1 - -7) - 1. Give s(x).
3
Let o(m) = 15*m - 6400 + 6404 - 3*m. Let r(j) = 12*j + 5. Let p = -10 - -5. Let f(x) = p*r(x) + 6*o(x). Give f(1).
11
Let s(b) = -b - 9. Let k(z) = -z**2 + 9*z + 4. Let x be k(10). Let u be s(x). Let a(w) = w**2 + 5*w + 3. What is a(u)?
-3
Let t be (-60)/(-27) + (-2)/9. Suppose 3*a + t*f + 14 = -0*a, -a + f - 3 = 0. Let q(w) = 3*w. Give q(a).
-12
Suppose 13 = 5*d - 12. Let p(o) be the third derivative of -2*o**2 + 1/6*o**4 + 7/6*o**3 - 1/60*o**5 + 0 + 0*o. Calculate p(d).
2
Let z(y) = -3*y - 33. Let k(d) = d + 13. Let h = -30 - -18. Let t(q) = h*k(q) - 5*z(q). What is t(-7)?
-12
Let d(q) = q**2 + 8*q + 8. Suppose -j - 5*v = 13, 3*v + 9 = 2*j + 22. Give d(j).
8
Let m(w) = -4*w**3 + 4*w**2 + w - 3. Let t(i) = 9*i**3 - 9*i**2 - 2*i + 7. Let y = 26 - 21. Let z(a) = y*m(a) + 2*t(a). Calculate z(2).
-7
Let a(l) = -l**2 + 5*l - 5. Let q(z) be the first derivative of -z**4/4 + 4*z**3/3 + z**2/2 - 4*z + 5. Let n be q(4). Let o be 5 + (3 + -4)*n. What is a(o)?
-5
Let f(v) = 48*v + 1. Let m = -451 - -450. Determine f(m).
-47
Let j(o) = o - 32. Let p be j(1). Suppose 0 = t + t - 66. Let h = t + p. Let f(g) = -g + 1. Calculate f(h).
-1
Let z = -504 + 493. Let b(q) = q**2 + 10*q - 10. Determine b(z).
1
Let t(r) = -3*r - 3*r**2 - 5 + r + 2 - 2*r**3. Let v(u) = u**2 + 17*u + 14. Let d be v(-18). Let p = -34 + d. Give t(p).
5
Suppose -2*j - j + 12 = 0. Suppose 4*s + 13 = 3*t, j*s + t + 7 = 2*t. Let c(x) = 6*x - 2 + 2. Calculate c(s).
-6
Let t = 94 - 51. Suppose c - 4*s + 1 = -6, 3*c - s = -t. Let k = c - -18. Let q(y) = -y**3 + 2*y**2 + 2*y + 2. Determine q(k).
-1
Let y(v) be the third derivative of v**6/120 - v**5/60 + v**4/24 + 7*v**3/6 - v**2. Suppose 0 = 4*q - 2*h - 0*h - 158, -5*h = -5. Let a = -40 + q. Give y(a).
7
Suppose 10*t = -21*t + 186. Let b(u) = u**3 - 4*u**2 - 7*u + 1. Give b(t).
31
Let j(q) = -8*q - 3. Let v be j(-3). Let d be v/(10/(-4) - -4). Suppose